 -2*n**3 - 18*n**2 - 536*n - 4204. What is i(-8)?
-44
Let s(i) = -19721*i**2 - 690235*i + 11. Give s(-35).
11
Let x(i) = 317*i**2 + 43118*i - 377. Determine x(-136).
-1193
Let u(v) = 1370*v + 254826. What is u(-186)?
6
Let c(l) = -l**3 - 43*l**2 - 172*l - 11781. Calculate c(-45).
9
Let b(z) = 4*z**2 + 213*z - 1051. Calculate b(-57).
-196
Let s(t) = -t**3 + 43*t**2 + 1232*t + 1798. Give s(63).
34
Let s(j) = -j**2 - 94740*j - 2367878. What is s(-25)?
-3
Let d(g) = -g**3 + 89*g**2 + 1170*g + 2600. What is d(-9)?
8
Let k(r) = -r**3 - 8*r**2 + 161*r + 2088. Give k(-12).
732
Let r(z) = -z**2 + 38*z - 690. Determine r(12).
-378
Let n(b) = 12160*b + 22896. What is n(-2)?
-1424
Let b(s) = -3*s**3 - 139*s**2 + 894*s + 48278. Calculate b(-45).
-52
Let s(f) = f**3 + 1447*f**2 + 7246*f + 2. Give s(-5).
-178
Let d(r) = -5605*r - 1210709. What is d(-216)?
-29
Let k(s) = -4*s**2 - 2798*s + 44326. Calculate k(-715).
-4
Let j(o) = -677*o - 16387. Determine j(-27).
1892
Let g(a) = -12*a**2 + 385*a - 33. Determine g(12).
2859
Let z(j) = j**3 + 127*j**2 - 3576*j - 912. Determine z(24).
240
Let z(q) = q**3 + 207*q**2 + 1099*q + 892. Determine z(-1).
-1
Let t(d) = -739*d - 30948. Determine t(-42).
90
Let n(b) = -15*b**2 - 13*b + 247. What is n(6)?
-371
Let b(l) = -669*l - 43444. What is b(-65)?
41
Let x(v) = -v**2 - 32505*v + 3914985. Give x(120).
-15
Let h(m) = -m**3 - 373*m**2 + 7053*m - 208. Calculate h(18).
62
Let j(y) = -y**3 - 197*y**2 - 175*y + 3574. Calculate j(-196).
-542
Let y(u) = 6*u**2 + 9572*u + 19138. What is y(-2)?
18
Let u(r) = r**2 - 208*r + 2906. Calculate u(156).
-5206
Let h(k) = -k**3 + 182*k**2 + 751*k - 977. Calculate h(-5).
-57
Let n(v) = 56*v**2 + 22*v - 41. What is n(4)?
943
Let c(p) = 380*p + 67640. Calculate c(-178).
0
Let o(k) = -1579*k + 1025. Give o(1).
-554
Let d(z) = -697875*z + 15353231. Calculate d(22).
-19
Let j(r) = 2*r**3 - 38*r**2 + 27*r + 163. Calculate j(18).
1
Let s(x) = x**3 - 15*x**2 - 567*x + 9229. Determine s(18).
-5
Let s(m) = 576*m**2 + 172*m - 172. Determine s(1).
576
Let v(z) = z**3 + 763*z**2 + 3045*z - 25. Calculate v(-4).
-61
Let r(a) = 5*a**3 + 989*a**2 - 201*a - 536. Give r(-198).
58
Let c(k) = -k**3 - 51*k**2 - 74*k - 984. Calculate c(-50).
216
Let c(y) = -39897*y + 1396348. Give c(35).
-47
Let x(y) = -y**3 - 69*y**2 - 21*y - 1502. Calculate x(-69).
-53
Let m(i) = -3*i**3 - 33*i**2 - 8*i - 11. Calculate m(-4).
-315
Let o(h) = -12*h**3 + 125*h**2 - 292*h + 34. Calculate o(7).
-1
Let y(x) = -x**3 - 457*x**2 - 5288*x + 631. Determine y(-12).
7
Let r(x) = 65850*x + 4016926. Determine r(-61).
76
Let f(g) = -g**3 + 66*g**2 + 131*g - 4236. What is f(67)?
52
Let t(d) = 777*d - 182565. Determine t(235).
30
Let h(t) = -11*t**2 + 157*t + 455. Determine h(-3).
-115
Let n(k) = -7*k**2 + 186*k + 5385. What is n(-18)?
-231
Let h(k) = -45*k**3 + 6573*k**2 - 436*k - 298. Calculate h(146).
-6
Let g(a) = -61*a - 1353. Give g(-16).
-377
Let w(b) = -4*b**3 + 56*b**2 + 1058*b - 14821. What is w(14)?
-9
Let n(c) = c**2 + 80*c - 4760. Determine n(40).
40
Let u(m) = 6466*m - 25396. Calculate u(4).
468
Let u(r) = 1510*r + 1934. What is u(-2)?
-1086
Let h(v) = -3*v**3 + 715*v**2 + 356*v + 29167. What is h(239)?
9
Let v(x) = 2*x**2 - 100*x + 505. Give v(43).
-97
Let p(d) = -73528*d**2 + 294102*d + 36. Determine p(4).
-4
Let o(p) = p**3 + 7*p**2 - 334*p - 2637. What is o(-8)?
-29
Let x(v) = -v**3 + 12*v**2 - 180*v + 1125. Give x(6).
261
Let p(l) = -l**3 + 170*l**2 + 185*l - 2278. Calculate p(171).
116
Let r(z) = -z**3 - 1279*z**2 - 102631*z - 39335. Determine r(-1193).
34
Let b(w) = 19074*w - 705642. Give b(37).
96
Let c(h) = -2*h**2 + 113*h - 115. Determine c(52).
353
Let w(d) = -349*d + 16475. What is w(49)?
-626
Let g(n) = -720*n + 6753. Determine g(9).
273
Let o(q) = 20687*q - 62065. Give o(3).
-4
Let b(t) = 329*t - 3616. Give b(14).
990
Let m(w) = 75*w**3 - 25*w**2 - 45*w + 134. Determine m(3).
1799
Let z(h) = 4922*h + 492198. Give z(-100).
-2
Let q(n) = 16*n**2 + 1390*n - 205. Give q(-87).
-31
Let m(s) = 6*s**3 - 170*s**2 - 2903*s + 6. Calculate m(-12).
-6
Let t(f) = -3*f**2 - 3586*f - 1071413. Give t(-606).
-5
Let w(p) = -15163*p + 439734. Calculate w(29).
7
Let t(n) = n**3 + 44*n**2 + 307*n - 264. Determine t(-28).
3684
Let l(k) = 5*k**2 + 3282*k - 5276. Give l(-658).
-12
Let k(s) = -13*s**2 - 1023*s + 12132. Determine k(12).
-2016
Let d(z) = 5889*z**2 - 58847*z - 430. Calculate d(10).
0
Let v(h) = -12231*h - 3522533. Give v(-288).
-5
Let a(h) = -592*h + 7270. What is a(12)?
166
Let y(h) = -150199*h - 18624679. Calculate y(-124).
-3
Let y(i) = i**3 + 15*i**2 - 13*i - 155. Give y(-4).
73
Let n(r) = 3711453*r + 18557268. Calculate n(-5).
3
Let b(v) = 56*v**3 + 1410*v**2 + 237*v - 107. Give b(-25).
218
Let k(c) = -2*c**3 - 43*c**2 - 124*c - 2167. Calculate k(-21).
-4
Let w(z) = -z**2 + 204*z + 5529. What is w(228)?
57
Let v(t) = 2987*t - 87118. Determine v(29).
-495
Let j(p) = -2827*p - 76241. What is j(-27)?
88
Let l(i) = 7*i**2 - 281*i + 1062. Calculate l(38).
492
Let p(k) = k**3 - 211*k**2 - 4319*k + 959. Determine p(-19).
-10
Let o(z) = 15805*z + 22379884. What is o(-1416)?
4
Let h(j) = j**3 + 124*j**2 - 5*j + 102. Calculate h(-124).
722
Let j(s) = -s**3 + 44*s**2 + 1751*s - 77383. Determine j(43).
-241
Let k(s) = 171*s - 4703. Calculate k(21).
-1112
Let d(j) = -j**3 - 16*j**2 - 24*j + 68. Calculate d(-4).
-28
Let r(v) = 7057*v + 966748. Calculate r(-137).
-61
Let c(j) = -1082*j - 46521. Determine c(-43).
5
Let i(a) = -76838*a + 3304029. Give i(43).
-5
Let p(v) = 2*v**2 - 1193*v + 63455. Give p(59).
30
Let w(i) = -49*i**3 + 104*i**2 + 66*i + 7. Give w(-1).
94
Let w(m) = 35*m**3 + 4024*m**2 - 124*m - 1733. Calculate w(-115).
-698
Let g(i) = -i**2 - 134*i + 35538. Give g(-267).
27
Let n(d) = 26368*d + 711951. Give n(-27).
15
Let h(k) = -1704*k + 281173. Determine h(165).
13
Let q(s) = -253*s + 12461. What is q(49)?
64
Let b(g) = g**3 + 267*g**2 - 23587*g - 210. Give b(70).
0
Let j(m) = 5*m - 549. Determine j(35).
-374
Let k(t) = -28374*t + 312112. Calculate k(11).
-2
Let u(j) = 3*j**2 + 674*j + 3164. What is u(-220)?
84
Let y(p) = -13*p**2 - 1376*p - 5264. What is y(-4)?
32
Let d(y) = -411*y + 412. Give d(3).
-821
Let q(m) = 11618*m - 243965. Determine q(21).
13
Let g(m) = -3269*m + 32573. Determine g(10).
-117
Let w(q) = -5*q**2 + 19565*q - 156314. What is w(8)?
-114
Let a(d) = 19*d**3 + 323*d**2 + 119*d + 2021. What is a(-17)?
-2
Let f(p) = 2*p**3 + 506*p**2 + 2473*p - 1643. Determine f(-248).
93
Let o(p) = 1356*p - 46113. Give o(34).
-9
Let m(i) = 1203*i + 15422. What is m(-13)?
-217
Let r(o) = o**2 - 3352*o - 74218. Give r(-22).
10
Let i(f) = -4*f**2 - 404*f + 1687. Determine i(-105).
7
Let p(g) = -4*g**3 + 287*g**2 - 2569*g - 3302. What is p(61)?
-8
Let o(g) = -249*g + 2162. What is o(10)?
-328
Let h(s) = s**3 - 276*s**2 + 436*s + 30807. Calculate h(274).
119
Let t(p) = -3*p**2 + 52670*p - 263274. Determine t(5).
1
Let t(b) = 97*b**3 + 17*b**2 + 12*b - 26. Give t(-2).
-758
Let f(p) = p**3 - 51*p**2 + 284*p - 12186. Give f(50).
-486
Let v(i) = -i**2 - 444*i + 137312. What is v(210)?
-28
Let s(g) = -3*g**3 - 80*g**2 - 129*g + 3690. Give s(-10).
-20
Let m(h) = -2*h**3 + h**2 - 87*h + 561. What is m(7)?
-685
Let q(v) = -v**3 - 6025*v**2 + 12049*v + 4. Determine q(2).
-6
Let t(k) = 58*k**2 - 538*k + 125. What is t(11)?
1225
Let z(c) = -5106*c + 41066. What is z(8)?
218
Let l(z) = 2*z**3 - 1447*z**2 + 5784*z - 36. Determine l(4).
76
Let p(n) = 103293*n + 7540382. What is p(-73)?
-7
Let t(n) = -5389*n + 371841. Calculate t(69).
0
Let t(a) = -5079*a + 25367. What is t(5)?
-28
Let u(w) = -441*w**2 + 69659*w + 3001. Determine u(158).
-1
Let b(q) = q**3 - 41*q**2 + 372*q - 5. Give b(26).
-473
Let j(p) = -93*p + 1074. What is j(24)?
-1158
Let x(b) = -45*b**3 + 2699*b**2 + 62*b - 144. Give x(60).
-24
Let l(c) = -1066*c - 158829. Determine l(-149).
5
Let v(i) = -205*i - 9576. Calculate v(-45).
-351
Let s(w) = 109666*w - 438660. What is s(4)?
4
Let d(p) = 2185*p + 443481. What is d(-203)?
-74
Let b(l) = 1758*l + 10463. What is b(-7)?
-1843
Let f(m) = -29857*m + 10748515. Give f(360).
-5
Let a(d) = -19815*d - 59893. Calculate a(-3).
-448
Let m(n) = 76*n**2 + 38*n + 16. Give m(-2).
244
Let c(m) = -m**2 - 205*m - 6898. Give c(-51).
956
Let 